**2 + l + 1. Let m(i) = k(i) - 6*y(i). Let t be m(-5). Suppose 4*g - t = 3*g. Is g composite?
False
Suppose 3*m = 5*b - 61845, m = -24*b + 29*b - 20605. Let h = -14171 - m. Is h a composite number?
False
Let o = -887285 - -1584062. Is o composite?
True
Let d(z) be the first derivative of -9*z + 1/4*z**4 + 3/2*z**2 + 1/3*z**3 - 16. Is d(4) a prime number?
True
Let i be (-1 + 559)/((-10)/(-45)). Suppose -2*f + i - 739 = 0. Suppose -1009 - f = -5*t. Is t prime?
True
Let n(t) = -4*t**2 + 45*t + 48907. Is n(0) prime?
True
Suppose -f = w + 1802, -35*f + 34*f - 1793 = 4*w. Let n = f - -4384. Is n a composite number?
False
Suppose -2*s = -3*z + s + 12, 0 = -z + 3*s + 6. Suppose -z*v = -3 - 9, v + 1364 = 4*y. Suppose q = f - y, 919 = 3*f + 4*q - 142. Is f prime?
True
Suppose -1242 = -5*y + 1838. Suppose 3*j + q = 443, -y = -4*j - 2*q + 7*q. Is j a prime number?
True
Suppose s - 221*o + 226*o - 68741 = 0, -3*s + o + 206127 = 0. Is s a composite number?
False
Suppose 11*z - 9420 - 9357 = 0. Let l = 3076 - z. Suppose 12*n - l = 7715. Is n composite?
False
Suppose 0 = -5*l + 2*x + 8, 3 = -x + 4*x. Let m(t) = 2 - 1 + 8*t**2 + 3*t**3 - l*t**2 + 2*t. Is m(6) composite?
False
Let q = 289103 + -9549. Suppose 31*g - 9*g = q. Is g composite?
True
Is 326685/(-12)*-2 + 135/(-54) composite?
True
Let s be (1/(-2) + 2)/((-6)/(-8)). Let n be (s + -3)*(7 - -30). Let f = n + 180. Is f a composite number?
True
Suppose 5041 = -3*a + 16141. Let c = -2499 + a. Suppose 8*w - 11289 = -c. Is w composite?
True
Is 266824*(-21)/(-56) + -16 composite?
False
Let c = 145355 - 99976. Is c a composite number?
True
Let a = -1198 - -368. Let z = -276 - -256. Is a/(-4)*(-5)/(z/8) a composite number?
True
Let j(t) = t**3 + 3*t - 2. Let f be j(5). Let a be (f*(-3)/(-12))/((-12)/(-1696)). Suppose -4*y + 2*y = -i - a, 0 = 5*y + 5*i - 12175. Is y prime?
True
Suppose 23*z - 19*z + 12 = 0, -1284 = -2*h - 4*z. Suppose 943 = -4*x + 2907. Suppose 0*j - 2*f = 3*j - x, -h = -4*j - 4*f. Is j composite?
False
Suppose -13*y = 34 + 5. Let o(l) = -35*l**3 - 2*l**2 - 3*l - 15. Is o(y) prime?
False
Suppose 3*x - 2*y = -4525 - 347, -4*x - 6513 = 3*y. Let t be x/4*2/(-3). Let k = -60 + t. Is k prime?
True
Let k(g) = -12*g**3 + g**2 + 2*g + 8. Let c be k(-7). Let t = c - 2364. Is t composite?
True
Suppose -51*y = -22*y - 3252611. Is y a prime number?
False
Is ((-2390689)/3 + -2)*(-1332)/2220 a composite number?
False
Suppose -13*x - 73877 = -18*x - 3*l, -l - 44343 = -3*x. Is x a prime number?
True
Suppose -3028095 = -2*q - l - 150179, q = -3*l + 1438943. Is q a composite number?
False
Suppose 0 = -i - 23*i - 1964088. Is (-39)/(-26) + i/(-6) a prime number?
False
Let n(j) = j**3 + 138*j**2 + 362*j - 253. Is n(-62) a composite number?
True
Let c(k) = 3*k**2 + 86*k + 109. Let n be c(-46). Suppose r - 9934 = -n. Is r a prime number?
True
Is 1*-4*(-4 + 0 - (-832881)/(-12)) a prime number?
True
Let z = 139110 + -76739. Is z composite?
True
Let w = 37144 + 70827. Is w prime?
True
Suppose 69*k = -794819 + 11511554. Is k prime?
False
Let z = 2498 + -106. Let d = 4575 - z. Is d a composite number?
True
Let d(k) = 3*k**3 + 8*k**2 + 6*k + 28. Let b(w) = -2*w**3 - 8*w**2 - 7*w - 27. Let x(z) = 6*b(z) + 5*d(z). Is x(9) prime?
True
Let x(o) = 35*o**3 + 4*o**2 + 19*o - 36. Suppose -m - 4*d - 7 = 0, m + 2*m + 5*d = 0. Is x(m) prime?
False
Let w = 714385 + -199764. Is w composite?
False
Suppose -2*p = -5 - 1, 0 = -2*z - 3*p + 57. Suppose -29*l = -z*l - 2955. Is l prime?
False
Let c be (15/(-10))/((-3)/(-4)). Let f be (-10)/(-4) + c + (-10)/4. Is (436/(-12) + 1)*21/f a composite number?
True
Suppose -54731 - 10593 = -4*m. Is m a composite number?
True
Suppose -3*d = -2*h + 3, 7*h - 5*d = 6*h + 12. Let q be h - 1 - (3 - 24)*-7. Is 36/(-12)*(q - -2) a prime number?
False
Let l = -429 + 2396. Suppose -l + 11105 = 6*w. Is w composite?
False
Let h = -11516 - -18226. Suppose -18*z + h = 3*l - 20*z, -l = -2*z - 2242. Is l prime?
False
Suppose -2682*u - 21679 = -2689*u. Is u a composite number?
True
Suppose 3*r - 12 = 0, -3*j + r - 2*r = -1906. Suppose 2*f = -5*i + 809, 0 = 2*i + 2*i - 5*f - j. Is i composite?
True
Let x = 2355 - 2323. Suppose -91 = -3*p + 35. Let t = p + x. Is t composite?
True
Suppose 515 - 185 = 11*d. Suppose 47418 = -d*g + 36*g. Is g a prime number?
False
Let o be (-1 + -4)/((-130)/156). Let q(g) = g**2 + 11*g - 6. Let j be q(-11). Is 4/o - 152/j composite?
True
Is (-714)/1190*(-2606830)/6 a composite number?
True
Suppose 0 = -18*i + 22*i - 5*k - 198616, -198600 = -4*i + k. Is i composite?
True
Let a(k) be the first derivative of 2*k**3 + 7/2*k**2 - 12*k - 16. Is a(7) composite?
False
Let o = 110164 + -15231. Is o a composite number?
False
Let x be 1 - 0 - 2*-7. Let v(p) = 8 + 0 + 16*p**2 - 5*p - p**3 + 0*p**3 + 2 - 3. Is v(x) a prime number?
True
Is (14/(-6))/((-1)/291507) a composite number?
True
Suppose 8847824 = 191*m - 3533958 + 1884613. Is m composite?
False
Let p(r) = -17 - 4*r + r - r. Let t(w) = 4*w + 17. Let m(a) = -2*p(a) - 3*t(a). Is m(-24) a composite number?
False
Let v(c) = 2909*c + 2313. Is v(10) prime?
False
Let l(i) = -16 + 11*i + 3 - 2*i + 2*i**2. Let q be l(-6). Suppose 0 = -y - q*a + 1196, -3*a + 0*a - 4715 = -4*y. Is y prime?
True
Let k(m) = 9*m**2 - 10*m + 15*m**2 + 2 + 5*m. Let y = -7 - -10. Is k(y) a prime number?
False
Let r(v) be the second derivative of -v**3/6 + v**2/2 + 16*v. Let c(z) = -38*z. Let g(p) = -c(p) + r(p). Is g(4) a composite number?
False
Let z = 507993 - 362072. Is z prime?
False
Suppose 4*u + 5*b = -0*b + 41, -3*b = -15. Suppose x - 3*q = 956, -5*q = u*x - 0*q - 3790. Suppose x - 61 = i. Is i a composite number?
True
Let x = 75111 + -26138. Is x a prime number?
True
Let q = 266638 + -125337. Is q prime?
True
Let b = -4171 + 22793. Is b a prime number?
False
Let k = 142 + -133. Let f(r) = r**3 + 2*r**2 + 22*r - 8. Is f(k) prime?
False
Let b(r) = 3325*r + 7. Let l be b(4). Suppose -20*k - l = -27*k. Is k a composite number?
False
Suppose 6 = 5*b + 4*v, -3*b + 10 = -0*b + 4*v. Is (-5217)/b + 11/22 a composite number?
False
Let q = 427 + -412. Suppose -q = -3*n, 3*n - 681 = -u + 5*n. Is u a prime number?
True
Suppose -j + 69*v = 68*v - 370938, 3*v = 15. Is j a composite number?
True
Suppose -11*t = -25557748 - 15978313 + 12913632. Is t prime?
False
Let b(q) = 4*q - 75. Let d be b(20). Suppose -9*y = -3*w - d*y + 8371, -3*w + 3*y = -8376. Is w composite?
False
Let r = 48831 + 1121122. Is r a prime number?
False
Is (26/8 - (-19)/(-76)) + 163598 a composite number?
False
Suppose 2*k - 164 = 2028. Let q be (-3423)/5 + 2/(-5). Let b = k + q. Is b a composite number?
True
Let r(p) = 115*p**3 - 9*p**2 + 4. Let l(v) = -231*v**3 + 15*v**2 - v - 8. Let q(c) = 3*l(c) + 5*r(c). Is q(-3) prime?
True
Suppose -39*n - 4860 = -49*n. Let p = n - -728. Is p prime?
False
Let d(v) = 1349*v + 24. Let k be d(10). Suppose -2*a + 1520 = 4*b - k, -b = 3. Is a composite?
False
Suppose 0 = 6*r - 4*r. Let v(m) = -m + 185. Let s be v(r). Let u = s - -566. Is u prime?
True
Let v = 142 + -139. Suppose 0 = -4*j - v*l + 15766, -6*j + 2*l = -5*j - 3947. Is j prime?
True
Let q be ((-66)/7)/(11/(154/(-4))). Suppose q*z - 117830 = 20407. Is z a prime number?
False
Suppose 0 = 423*o - 421*o - 4. Suppose -5*i - o*t = -1961, i - 1549 = -3*i + 5*t. Is i composite?
True
Let b = 2901 - 4552. Let a(v) = 260*v**2 + 2*v. Let y be a(-3). Let w = b + y. Is w composite?
False
Let p = -209643 + 829894. Is p composite?
False
Suppose 7*w = 4*w - 24. Let c be (-1)/(-1)*(w - -7). Is ((-1121)/c)/(4 - 3) a prime number?
False
Let v(y) = 1381*y + 11. Let g be v(-1). Let m = 7531 + g. Is m composite?
True
Is ((-55381)/(-2) + 0)/(351/702) composite?
False
Let h(k) = 715*k**2 + 34*k - 133. Is h(6) composite?
True
Let v be (-1)/(-20)*8 - 18/(-5). Suppose -r = -v*r + 27. Suppose -4*o = -r*o - g + 1689, -4*o + 1352 = g. Is o composite?
False
Is ((-224)/(-35) - 6)*(-295322860)/(-56) a composite number?
False
Let l(p) = 14*p**2 - 244*p - 185. Is l(42) prime?
False
Let x(o) = 32*o + 1. Let a be x(4). Let r = 293 - 132. Suppose 0 = -r*t + 164*t - a. Is t a composite number?
False
Let n(g) = -3*g**3 - 28*g**2 + 28*g - 66. Let j(d) = d**3 + 9*d**2 - 9*d + 22. Let k(y) = 17*j(y) + 6*n(y). Let l be k(-16). Is 2/(-4) + (-3069)/l composite?
Tr